{"id":331,"date":"2014-09-17T08:52:04","date_gmt":"2014-09-17T08:52:04","guid":{"rendered":"http:\/\/eticaeconomiafratelvittorino.it\/?page_id=331"},"modified":"2014-11-04T14:13:49","modified_gmt":"2014-11-04T14:13:49","slug":"economia-a-servizio-dei-giovani","status":"publish","type":"page","link":"https:\/\/eticaeconomiafratelvittorino.it\/?page_id=331","title":{"rendered":"Economia a servizio dei giovani"},"content":{"rendered":"<div id=\"attachment_159\" style=\"width: 310px\" class=\"wp-caption aligncenter\"><a href=\"http:\/\/eticaeconomiafratelvittorino.it\/wp-content\/uploads\/2014\/06\/La-Missione-dellImprenditore_0001-e1404917188389.jpg\"><img aria-describedby=\"caption-attachment-159\" decoding=\"async\" loading=\"lazy\" class=\"wp-image-159\" src=\"http:\/\/eticaeconomiafratelvittorino.it\/wp-content\/uploads\/2014\/06\/La-Missione-dellImprenditore_0001-e1404917188389-300x143.jpg\" alt=\"La Missione dell'Imprenditore_0001\" width=\"300\" height=\"143\" srcset=\"https:\/\/eticaeconomiafratelvittorino.it\/wp-content\/uploads\/2014\/06\/La-Missione-dellImprenditore_0001-e1404917188389-300x143.jpg 300w, https:\/\/eticaeconomiafratelvittorino.it\/wp-content\/uploads\/2014\/06\/La-Missione-dellImprenditore_0001-e1404917188389-1024x489.jpg 1024w, https:\/\/eticaeconomiafratelvittorino.it\/wp-content\/uploads\/2014\/06\/La-Missione-dellImprenditore_0001-e1404917188389-624x298.jpg 624w, https:\/\/eticaeconomiafratelvittorino.it\/wp-content\/uploads\/2014\/06\/La-Missione-dellImprenditore_0001-e1404917188389.jpg 2037w\" sizes=\"(max-width: 300px) 100vw, 300px\" \/><\/a><p id=\"caption-attachment-159\" class=\"wp-caption-text\">P.Gianluigi Pasquale<\/p><\/div>\n<p>L&#8217;anno 2013 appena trascorso \u00e8 stato un anno difficile, ma anche provvidenziale per capire in quale direzione dirigere i nostri sforzi per realizzare un&#8217; economia dal volto umano.<br \/>\n<strong>L&#8217;associazione Etica ed Economia Fratel Vittorino<\/strong>\u00a0si \u00e8 orientata a &#8220;interpretare&#8221; le esigenze dei giovani che stanno vivendo un momento travagliato e carico di incertezze sia per la mancanza di lavoro, sia per la mancanza di valori.<\/p>\n<p>Sono stati interpellati i giovani dello\u00a0<strong>Spazio Fiorito Mariano<\/strong>, movimento giovanile dell&#8217;Opera don Calabria, chiedendo loro di illustrare le aspettative, le preoccupazioni e le speranze.<\/p>\n<p>Il giorno 21 Giugno 2013 \u00e8 stato organizzato all&#8217;Oasi di S.Giacomo di Vago (VR), un\u00a0<strong>incontro<\/strong>\u00a0dal titolo\u00a0<strong>&#8220;INCERTEZZA NEI GIOVANI: COME TROVARE VIE D&#8217;USCITA&#8221;<\/strong>, dove sono state ai giovani provocazioni e proposte di vita e lavoro.<br \/>\n\u00c8 stato invitato\u00a0<a title=\"wikipedia\/Gianluigi Pasquale\" href=\"http:\/\/it.wikipedia.org\/wiki\/Gianluigi_Pasquale\" target=\"_blank\"><strong>P.Gianluigi Pasquale<\/strong><\/a>, docente presso la Pontificia Universit\u00e0 Lateranense, ad approfondire l&#8217;argomento; egli ha fatto analisi dello scenario attuale, illustrando che l&#8217;<strong>Etica del lavoro<\/strong>\u00a0poggia su un triplice fondamento:<\/p>\n<p><strong>&#8211; la ricerca di Dio<\/strong><\/p>\n<p><strong>&#8211; l&#8217;amore al prossimo<\/strong><\/p>\n<p><strong>&#8211; il rispetto del creato.<\/strong><\/p>\n<p>La\u00a0<strong>via d&#8217;uscita<\/strong>\u00a0suggerita per i giovani \u00e8 la &#8220;buona notizia cristiana&#8221;:<\/p>\n<p><strong>&#8211; Cercare Dio attraverso la preghiera che impregni l&#8217;esistenza di ciascuno.<\/strong><\/p>\n<p><strong>&#8211; Restare nel &#8220;grembo della chiesa&#8221;, dalla quale attingere i valore pi\u00f9 profondi.<\/strong><\/p>\n<p><strong>&#8211; Favorire le relazioni con gli altri e &#8220;tagliare&#8221; la noia di vivere, mettendosi in atteggiamento di servizio.<\/strong><\/p>\n<div id=\"attachment_167\" style=\"width: 160px\" class=\"wp-caption alignright\"><a href=\"http:\/\/eticaeconomiafratelvittorino.it\/wp-content\/uploads\/2014\/07\/La-Missione-dellImprenditore_0001.jpg\"><img aria-describedby=\"caption-attachment-167\" decoding=\"async\" loading=\"lazy\" class=\"wp-image-167 size-thumbnail\" src=\"http:\/\/eticaeconomiafratelvittorino.it\/wp-content\/uploads\/2014\/07\/La-Missione-dellImprenditore_0001-150x150.jpg\" alt=\"La Missione dell'Imprenditore_0001\" width=\"150\" height=\"150\" \/><\/a><p id=\"caption-attachment-167\" class=\"wp-caption-text\">P.Miguel Tofful<\/p><\/div>\n<p>La presenza del superiore Generale dell&#8217;Opera Don Calabria\u00a0<a title=\"doncalabria.net\/ P. Miguel Tofful\" href=\"http:\/\/www.doncalabria.net\/j_org\/index.php?option=com_content&amp;view=article&amp;id=112:biografiatofful&amp;catid=66&amp;Itemid=144\" target=\"_blank\"><strong>P.Miguel Tofful<\/strong><\/a>\u00a0\u00e8 stata particolarmente apprezzata e gradita; egli infatti ha affermato che l&#8217;Opera ha dato sempre fiducia ai giovani e ai loro bisogni.\u00a0<strong>Don Calabria li chiamava &#8220;buoni fanciulli&#8221; e desiderava per loro una crescita e una formazione forte per farli diventare veri uomini.<br \/>\n<\/strong>A questo proposito \u00e8 bene illustrare come\u00a0<a title=\"Giulio  Pedrollo\" href=\"http:\/\/www.confindustria.vr.it\/confindustria\/verona\/istituzionale.nsf\/($linkacross)\/abe4d00b7fca628fc1257b6b0052e6b5?opendocument&amp;restricttocategory=Home%20Page\" target=\"_blank\"><strong>Giulio Pedrollo<\/strong><\/a>, neo presidente di CONFINDUSTRIA, intende concentrare le proprie energie sui giovani e sulla fiducia.<br \/>\nInfatti nel suo programma di insediamento afferma:\u00a0<em>\u00abFiducia non \u00e8 solo condizione indispensabile per intraprendere, ma \u00a0\u00e8 esattamente \u00a0ci\u00f2 che manca oggi all&#8217;Italia, agli italiani. L&#8217;Italia non ha materie prime, salvo una:\u00a0<strong>la materia grigia dei nostri cervelli<\/strong>. Diamo a questa le condizioni per lavorare al meglio e sar\u00e0 pi\u00f9 facile costruire un futuro migliore. Occorre\u00a0<strong>il coraggio di fare<\/strong>, che scaturisce dalla\u00a0<strong>fiducia di un futuro<\/strong>\u00a0propositivo;\u00a0<strong>l&#8217;innovazione<\/strong>, cio\u00e8 la capacit\u00e0 di guardare con occhi nuovi il cambiamento, associato ad una\u00a0<strong>formazione<\/strong>\u00a0che l&#8217;aiuti a prendere formazione che l&#8217;aiuti a prendere forma;\u00a0<strong>un substrato valoriale<\/strong>\u00a0che dia il giusto senso al nostro agire\u00bb.<\/em><\/p>\n<div id=\"attachment_166\" style=\"width: 160px\" class=\"wp-caption alignright\"><a href=\"http:\/\/eticaeconomiafratelvittorino.it\/wp-content\/uploads\/2014\/07\/La-Missione-dellImprenditore_0002.jpg\"><img aria-describedby=\"caption-attachment-166\" decoding=\"async\" loading=\"lazy\" class=\"wp-image-166 size-thumbnail\" src=\"http:\/\/eticaeconomiafratelvittorino.it\/wp-content\/uploads\/2014\/07\/La-Missione-dellImprenditore_0002-e1410962528424-150x150.jpg\" alt=\"La Missione dell'Imprenditore_0002\" width=\"150\" height=\"150\" \/><\/a><p id=\"caption-attachment-166\" class=\"wp-caption-text\">Giulio Pedrollo<\/p><\/div>\n<p>Alla domanda quali valori ci aiuteranno a cambiare rotta, Giulio Pedrollo risponde:\u00a0<em>\u00abCominciamo dal rovescio della medaglia: non c&#8217;\u00e8 pi\u00f9 posto per scandali, i pettegolezzi e la bassezze a cui abbiamo assistito e che non rappresentano l&#8217;Italia e gli italiani. Lavorare ha un fortissimo senso etico, se c&#8217;\u00e8 il giusto equilibrio tra meritocrazia, dignit\u00e0, responsabilit\u00e0 e capacit\u00e0 di agire assieme agli altri.\u00a0<strong>La fiducia pu\u00f2 ricrescere se sapr\u00e0 battere lo scoramento, la paura , l&#8217;inerzia<\/strong>. \u00c8 per questo che\u00a0<strong>credo molto ai giovani: sono loro il futuro, sono loro che devono sfidare e non subire<\/strong>\u00bb.<\/em><\/p>\n<p><strong>Ermes Bampa<\/strong><em>\u00a0\u00a0 \u00a0 \u00a0\u00a0<\/em><\/p>\n<p><iframe loading=\"lazy\" src=\"\/\/www.youtube.com\/embed\/td23kei3X4Q\" width=\"420\" height=\"315\" frameborder=\"0\" allowfullscreen=\"allowfullscreen\"><\/iframe><\/p>\n","protected":false},"excerpt":{"rendered":"<p>L&#8217;anno 2013 appena trascorso \u00e8 stato un anno difficile, ma anche provvidenziale per capire in quale direzione dirigere i nostri sforzi per realizzare un&#8217; economia dal volto umano. L&#8217;associazione Etica ed Economia Fratel Vittorino\u00a0si \u00e8 orientata a &#8220;interpretare&#8221; le esigenze dei giovani che stanno vivendo un momento travagliato e carico di incertezze sia per la [&hellip;]<\/p>\n","protected":false},"author":1,"featured_media":0,"parent":342,"menu_order":0,"comment_status":"closed","ping_status":"closed","template":"","meta":{"footnotes":""},"_links":{"self":[{"href":"https:\/\/eticaeconomiafratelvittorino.it\/index.php?rest_route=\/wp\/v2\/pages\/331"}],"collection":[{"href":"https:\/\/eticaeconomiafratelvittorino.it\/index.php?rest_route=\/wp\/v2\/pages"}],"about":[{"href":"https:\/\/eticaeconomiafratelvittorino.it\/index.php?rest_route=\/wp\/v2\/types\/page"}],"author":[{"embeddable":true,"href":"https:\/\/eticaeconomiafratelvittorino.it\/index.php?rest_route=\/wp\/v2\/users\/1"}],"replies":[{"embeddable":true,"href":"https:\/\/eticaeconomiafratelvittorino.it\/index.php?rest_route=%2Fwp%2Fv2%2Fcomments&post=331"}],"version-history":[{"count":9,"href":"https:\/\/eticaeconomiafratelvittorino.it\/index.php?rest_route=\/wp\/v2\/pages\/331\/revisions"}],"predecessor-version":[{"id":659,"href":"https:\/\/eticaeconomiafratelvittorino.it\/index.php?rest_route=\/wp\/v2\/pages\/331\/revisions\/659"}],"up":[{"embeddable":true,"href":"https:\/\/eticaeconomiafratelvittorino.it\/index.php?rest_route=\/wp\/v2\/pages\/342"}],"wp:attachment":[{"href":"https:\/\/eticaeconomiafratelvittorino.it\/index.php?rest_route=%2Fwp%2Fv2%2Fmedia&parent=331"}],"curies":[{"name":"wp","href":"https:\/\/api.w.org\/{rel}","templated":true}]}}

<div id="attachment_159" style="width: 310px" class="wp-caption aligncenter"><a href="http://eticaeconomiafratelvittorino.it/wp-content/uploads/2014/06/La-Missione-dellImprenditore_0001-e1404917188389.jpg"><img aria-describedby="caption-attachment-159" decoding="async" loading="lazy" class="wp-image-159" src="http://eticaeconomiafratelvittorino.it/wp-content/uploads/2014/06/La-Missione-dellImprenditore_0001-e1404917188389-300x143.jpg" alt="La Missione dell'Imprenditore_0001" width="300" height="143" srcset="https://eticaeconomiafratelvittorino.it/wp-content/uploads/2014/06/La-Missione-dellImprenditore_0001-e1404917188389-300x143.jpg 300w, https://eticaeconomiafratelvittorino.it/wp-content/uploads/2014/06/La-Missione-dellImprenditore_0001-e1404917188389-1024x489.jpg 1024w, https://eticaeconomiafratelvittorino.it/wp-content/uploads/2014/06/La-Missione-dellImprenditore_0001-e1404917188389-624x298.jpg 624w, https://eticaeconomiafratelvittorino.it/wp-content/uploads/2014/06/La-Missione-dellImprenditore_0001-e1404917188389.jpg 2037w" sizes="(max-width: 300px) 100vw, 300px" /></a><p id="caption-attachment-159" class="wp-caption-text">P.Gianluigi Pasquale</p></div>
<p>L&#8217;anno 2013 appena trascorso è stato un anno difficile, ma anche provvidenziale per capire in quale direzione dirigere i nostri sforzi per realizzare un&#8217; economia dal volto umano.<br />
<strong>L&#8217;associazione Etica ed Economia Fratel Vittorino</strong> si è orientata a &#8220;interpretare&#8221; le esigenze dei giovani che stanno vivendo un momento travagliato e carico di incertezze sia per la mancanza di lavoro, sia per la mancanza di valori.</p>
<p>Sono stati interpellati i giovani dello <strong>Spazio Fiorito Mariano</strong>, movimento giovanile dell&#8217;Opera don Calabria, chiedendo loro di illustrare le aspettative, le preoccupazioni e le speranze.</p>
<p>Il giorno 21 Giugno 2013 è stato organizzato all&#8217;Oasi di S.Giacomo di Vago (VR), un <strong>incontro</strong> dal titolo <strong>&#8220;INCERTEZZA NEI GIOVANI: COME TROVARE VIE D&#8217;USCITA&#8221;</strong>, dove sono state ai giovani provocazioni e proposte di vita e lavoro.<br />
È stato invitato <a title="wikipedia/Gianluigi Pasquale" href="http://it.wikipedia.org/wiki/Gianluigi_Pasquale" target="_blank"><strong>P.Gianluigi Pasquale</strong></a>, docente presso la Pontificia Università Lateranense, ad approfondire l&#8217;argomento; egli ha fatto analisi dello scenario attuale, illustrando che l&#8217;<strong>Etica del lavoro</strong> poggia su un triplice fondamento:</p>
<p><strong>&#8211; la ricerca di Dio</strong></p>
<p><strong>&#8211; l&#8217;amore al prossimo</strong></p>
<p><strong>&#8211; il rispetto del creato.</strong></p>
<p>La <strong>via d&#8217;uscita</strong> suggerita per i giovani è la &#8220;buona notizia cristiana&#8221;:</p>
<p><strong>&#8211; Cercare Dio attraverso la preghiera che impregni l&#8217;esistenza di ciascuno.</strong></p>
<p><strong>&#8211; Restare nel &#8220;grembo della chiesa&#8221;, dalla quale attingere i valore più profondi.</strong></p>
<p><strong>&#8211; Favorire le relazioni con gli altri e &#8220;tagliare&#8221; la noia di vivere, mettendosi in atteggiamento di servizio.</strong></p>
<div id="attachment_167" style="width: 160px" class="wp-caption alignright"><a href="http://eticaeconomiafratelvittorino.it/wp-content/uploads/2014/07/La-Missione-dellImprenditore_0001.jpg"><img aria-describedby="caption-attachment-167" decoding="async" loading="lazy" class="wp-image-167 size-thumbnail" src="http://eticaeconomiafratelvittorino.it/wp-content/uploads/2014/07/La-Missione-dellImprenditore_0001-150x150.jpg" alt="La Missione dell'Imprenditore_0001" width="150" height="150" /></a><p id="caption-attachment-167" class="wp-caption-text">P.Miguel Tofful</p></div>
<p>La presenza del superiore Generale dell&#8217;Opera Don Calabria <a title="doncalabria.net/ P. Miguel Tofful" href="http://www.doncalabria.net/j_org/index.php?option=com_content&amp;view=article&amp;id=112:biografiatofful&amp;catid=66&amp;Itemid=144" target="_blank"><strong>P.Miguel Tofful</strong></a> è stata particolarmente apprezzata e gradita; egli infatti ha affermato che l&#8217;Opera ha dato sempre fiducia ai giovani e ai loro bisogni. <strong>Don Calabria li chiamava &#8220;buoni fanciulli&#8221; e desiderava per loro una crescita e una formazione forte per farli diventare veri uomini.<br />
</strong>A questo proposito è bene illustrare come <a title="Giulio  Pedrollo" href="http://www.confindustria.vr.it/confindustria/verona/istituzionale.nsf/($linkacross)/abe4d00b7fca628fc1257b6b0052e6b5?opendocument&amp;restricttocategory=Home%20Page" target="_blank"><strong>Giulio Pedrollo</strong></a>, neo presidente di CONFINDUSTRIA, intende concentrare le proprie energie sui giovani e sulla fiducia.<br />
Infatti nel suo programma di insediamento afferma: <em>«Fiducia non è solo condizione indispensabile per intraprendere, ma  è esattamente  ciò che manca oggi all&#8217;Italia, agli italiani. L&#8217;Italia non ha materie prime, salvo una: <strong>la materia grigia dei nostri cervelli</strong>. Diamo a questa le condizioni per lavorare al meglio e sarà più facile costruire un futuro migliore. Occorre <strong>il coraggio di fare</strong>, che scaturisce dalla <strong>fiducia di un futuro</strong> propositivo; <strong>l&#8217;innovazione</strong>, cioè la capacità di guardare con occhi nuovi il cambiamento, associato ad una <strong>formazione</strong> che l&#8217;aiuti a prendere formazione che l&#8217;aiuti a prendere forma; <strong>un substrato valoriale</strong> che dia il giusto senso al nostro agire».</em></p>
<div id="attachment_166" style="width: 160px" class="wp-caption alignright"><a href="http://eticaeconomiafratelvittorino.it/wp-content/uploads/2014/07/La-Missione-dellImprenditore_0002.jpg"><img aria-describedby="caption-attachment-166" decoding="async" loading="lazy" class="wp-image-166 size-thumbnail" src="http://eticaeconomiafratelvittorino.it/wp-content/uploads/2014/07/La-Missione-dellImprenditore_0002-e1410962528424-150x150.jpg" alt="La Missione dell'Imprenditore_0002" width="150" height="150" /></a><p id="caption-attachment-166" class="wp-caption-text">Giulio Pedrollo</p></div>
<p>Alla domanda quali valori ci aiuteranno a cambiare rotta, Giulio Pedrollo risponde: <em>«Cominciamo dal rovescio della medaglia: non c&#8217;è più posto per scandali, i pettegolezzi e la bassezze a cui abbiamo assistito e che non rappresentano l&#8217;Italia e gli italiani. Lavorare ha un fortissimo senso etico, se c&#8217;è il giusto equilibrio tra meritocrazia, dignità, responsabilità e capacità di agire assieme agli altri. <strong>La fiducia può ricrescere se saprà battere lo scoramento, la paura , l&#8217;inerzia</strong>. È per questo che <strong>credo molto ai giovani: sono loro il futuro, sono loro che devono sfidare e non subire</strong>».</em></p>
<p><strong>Ermes Bampa</strong><em>       </em></p>
<p><iframe loading="lazy" src="//www.youtube.com/embed/td23kei3X4Q" width="420" height="315" frameborder="0" allowfullscreen="allowfullscreen"></iframe></p>

<p>L&#8217;anno 2013 appena trascorso è stato un anno difficile, ma anche provvidenziale per capire in quale direzione dirigere i nostri sforzi per realizzare un&#8217; economia dal volto umano. L&#8217;associazione Etica ed Economia Fratel Vittorino si è orientata a &#8220;interpretare&#8221; le esigenze dei giovani che stanno vivendo un momento travagliato e carico di incertezze sia per la [&hellip;]</p>
