{"id":1354,"date":"2023-01-12T20:57:04","date_gmt":"2023-01-12T20:57:04","guid":{"rendered":"http:\/\/eticaeconomiafratelvittorino.it\/?page_id=1354"},"modified":"2023-01-12T21:00:34","modified_gmt":"2023-01-12T21:00:34","slug":"laudato-si-papa-francesco-2015","status":"publish","type":"page","link":"https:\/\/eticaeconomiafratelvittorino.it\/?page_id=1354","title":{"rendered":"Laudato S\u00ec (Francesco &#8211; 2015)"},"content":{"rendered":"<div id=\"attachment_1352\" style=\"width: 224px\" class=\"wp-caption alignnone\"><a href=\"http:\/\/eticaeconomiafratelvittorino.it\/?attachment_id=1352\" rel=\"attachment wp-att-1352\"><img aria-describedby=\"caption-attachment-1352\" decoding=\"async\" loading=\"lazy\" class=\"wp-image-1352 size-medium\" src=\"http:\/\/eticaeconomiafratelvittorino.it\/wp-content\/uploads\/2023\/01\/Laudati_si_copertina_def-214x300.jpg\" alt=\"Papa Francesco - LaudatoS\u00ec \" width=\"214\" height=\"300\" srcset=\"https:\/\/eticaeconomiafratelvittorino.it\/wp-content\/uploads\/2023\/01\/Laudati_si_copertina_def-214x300.jpg 214w, https:\/\/eticaeconomiafratelvittorino.it\/wp-content\/uploads\/2023\/01\/Laudati_si_copertina_def.jpg 357w\" sizes=\"(max-width: 214px) 100vw, 214px\" \/><\/a><p id=\"caption-attachment-1352\" class=\"wp-caption-text\">Laudato S\u00ec (2015)<\/p><\/div>\n<p><i><b>Laudato si&#8217;<\/b><\/i> \u00e8 la seconda enciclica di Papa Francesco scritta nel suo terzo anno di pontificato. Bench\u00e9 porti la data del 24 maggio 2015, solennit\u00e0 di Pentecoste, il testo \u00e8 stato reso pubblico solo il 18 giugno successivo. Il nome <i>Laudato si&#8217;<\/i> deriva dal <i>Cantico delle Creature<\/i> di San Francesco, che loda il Signore per le sue meravigliose creature.<br \/>\nL&#8217;argomento principale trattato \u00e8 l&#8217;interconnessione tra crisi ambientale della Terra e crisi sociale dell&#8217;umanit\u00e0, ossia l&#8217;ecologia integrale. Papa Francesco ha precisato infatti che &#8220;non si tratta di un&#8217;enciclica verde ma di un&#8217;enciclica sociale&#8221;.<sup id=\"cite_ref-1\" class=\"reference\"><\/sup><\/p>\n<p><a href=\"http:\/\/eticaeconomiafratelvittorino.it\/?attachment_id=1350\" rel=\"attachment wp-att-1350\">Laudato_si_Papa_Francesco<\/a><\/p>\n<p>&nbsp;<\/p>\n","protected":false},"excerpt":{"rendered":"<p>Laudato si&#8217; \u00e8 la seconda enciclica di Papa Francesco scritta nel suo terzo anno di pontificato. Bench\u00e9 porti la data del 24 maggio 2015, solennit\u00e0 di Pentecoste, il testo \u00e8 stato reso pubblico solo il 18 giugno successivo. Il nome Laudato si&#8217; deriva dal Cantico delle Creature di San Francesco, che loda il Signore per [&hellip;]<\/p>\n","protected":false},"author":1,"featured_media":0,"parent":303,"menu_order":0,"comment_status":"closed","ping_status":"closed","template":"","meta":{"footnotes":""},"_links":{"self":[{"href":"https:\/\/eticaeconomiafratelvittorino.it\/index.php?rest_route=\/wp\/v2\/pages\/1354"}],"collection":[{"href":"https:\/\/eticaeconomiafratelvittorino.it\/index.php?rest_route=\/wp\/v2\/pages"}],"about":[{"href":"https:\/\/eticaeconomiafratelvittorino.it\/index.php?rest_route=\/wp\/v2\/types\/page"}],"author":[{"embeddable":true,"href":"https:\/\/eticaeconomiafratelvittorino.it\/index.php?rest_route=\/wp\/v2\/users\/1"}],"replies":[{"embeddable":true,"href":"https:\/\/eticaeconomiafratelvittorino.it\/index.php?rest_route=%2Fwp%2Fv2%2Fcomments&post=1354"}],"version-history":[{"count":9,"href":"https:\/\/eticaeconomiafratelvittorino.it\/index.php?rest_route=\/wp\/v2\/pages\/1354\/revisions"}],"predecessor-version":[{"id":1365,"href":"https:\/\/eticaeconomiafratelvittorino.it\/index.php?rest_route=\/wp\/v2\/pages\/1354\/revisions\/1365"}],"up":[{"embeddable":true,"href":"https:\/\/eticaeconomiafratelvittorino.it\/index.php?rest_route=\/wp\/v2\/pages\/303"}],"wp:attachment":[{"href":"https:\/\/eticaeconomiafratelvittorino.it\/index.php?rest_route=%2Fwp%2Fv2%2Fmedia&parent=1354"}],"curies":[{"name":"wp","href":"https:\/\/api.w.org\/{rel}","templated":true}]}}

Laudato Sì (Francesco &#8211; 2015)

<div id="attachment_1352" style="width: 224px" class="wp-caption alignnone"><a href="http://eticaeconomiafratelvittorino.it/?attachment_id=1352" rel="attachment wp-att-1352"><img aria-describedby="caption-attachment-1352" decoding="async" loading="lazy" class="wp-image-1352 size-medium" src="http://eticaeconomiafratelvittorino.it/wp-content/uploads/2023/01/Laudati_si_copertina_def-214x300.jpg" alt="Papa Francesco - LaudatoSì " width="214" height="300" srcset="https://eticaeconomiafratelvittorino.it/wp-content/uploads/2023/01/Laudati_si_copertina_def-214x300.jpg 214w, https://eticaeconomiafratelvittorino.it/wp-content/uploads/2023/01/Laudati_si_copertina_def.jpg 357w" sizes="(max-width: 214px) 100vw, 214px" /></a><p id="caption-attachment-1352" class="wp-caption-text">Laudato Sì (2015)</p></div>
<p><i><b>Laudato si&#8217;</b></i> è la seconda enciclica di Papa Francesco scritta nel suo terzo anno di pontificato. Benché porti la data del 24 maggio 2015, solennità di Pentecoste, il testo è stato reso pubblico solo il 18 giugno successivo. Il nome <i>Laudato si&#8217;</i> deriva dal <i>Cantico delle Creature</i> di San Francesco, che loda il Signore per le sue meravigliose creature.<br />
L&#8217;argomento principale trattato è l&#8217;interconnessione tra crisi ambientale della Terra e crisi sociale dell&#8217;umanità, ossia l&#8217;ecologia integrale. Papa Francesco ha precisato infatti che &#8220;non si tratta di un&#8217;enciclica verde ma di un&#8217;enciclica sociale&#8221;.<sup id="cite_ref-1" class="reference"></sup></p>
<p><a href="http://eticaeconomiafratelvittorino.it/?attachment_id=1350" rel="attachment wp-att-1350">Laudato_si_Papa_Francesco</a></p>
<p>&nbsp;</p>

<p>Laudato si&#8217; è la seconda enciclica di Papa Francesco scritta nel suo terzo anno di pontificato. Benché porti la data del 24 maggio 2015, solennità di Pentecoste, il testo è stato reso pubblico solo il 18 giugno successivo. Il nome Laudato si&#8217; deriva dal Cantico delle Creature di San Francesco, che loda il Signore per [&hellip;]</p>
